ose 2*v = 16 + 44. Suppose 0 = 10*f - 9*f - v. Suppose -924 - 1776 = -10*a. What is the highest common factor of f and a?
30
Let b(i) = 16589*i + 66391. Let w be b(-4). Let m = -94 + 136. What is the highest common factor of w and m?
7
Let m be (1227 - 1118) + (2/8 - (-6)/8). What is the greatest common divisor of 180 and m?
10
Suppose 4*q - 2*q = 2*i + 590, 4*q + 560 = -2*i. Let z = -272 - i. Calculate the greatest common factor of z and 48.
6
Let c be 1/4 - (-959)/4. Let b be 9 + -29 + 1 + 31. What is the highest common divisor of b and c?
12
Let f = -32 - -32. Suppose -4*t = -2*g + g + 23, -4*g + 3*t + 27 = f. Let j be 7 - 3 - (g - 23). Calculate the highest common factor of j and 8.
8
Let m = 1163 - 519. Suppose -39*n + m = -11*n. Let u(a) = 9*a**2 - 4*a + 2. Let g be u(5). What is the highest common factor of g and n?
23
Let b be 4*8/(-176) + 22114/22. What is the greatest common factor of b and 45?
15
Let o(n) = -n**3 + 17*n**2 - 3*n + 56. Let y be o(17). Suppose -2*m - u - 5 = -61, 4*m - 100 = -y*u. Calculate the highest common divisor of 80 and m.
10
Let t(n) = n**3 - 11*n**2 + 20*n + 22. Let f be (252/210)/(4/30). Let r be t(f). Let m be -2*((-12)/2 - -2). Calculate the highest common factor of m and r.
8
Let q = -69 - -78. Suppose 0 = -4*j + q + 3. Suppose 5 = -5*t, -j*u + 2*t - 24 = -89. Calculate the greatest common factor of 126 and u.
21
Let q(w) = 20*w - 56. Let p be q(3). Suppose -2*r + 3*h + 60 = 0, p*h = 3*r - 95 + 7. What is the greatest common divisor of r and 600?
24
Let b(k) = 81*k**2 + 7*k - 7. Let v be b(1). What is the greatest common factor of 6399 and v?
81
Let t be (-348)/14*2*(-24 - -3). What is the greatest common divisor of 464 and t?
116
Let b(w) = -w**2 - 30*w - 110. Let q be b(-25). Suppose -5*u - 10 - q = 0, 3*v = -u + 4. Calculate the greatest common factor of v and 48.
3
Suppose -6*l - l + 3775 = 18*l. What is the highest common factor of l and 10117?
151
Suppose -3*n - 2 = 2*d - 24, -5*n = -4*d. Suppose -n*t - 554 = -762. What is the highest common divisor of 182 and t?
26
Let q be 122 + (1 - 4 - 1). Let k = 580 + -296. Suppose -k = -3*n + 2*b, -n + q = 3*b + b. What is the highest common factor of n and 245?
49
Let p be 39 - -2 - 1*(0 - 0). Suppose 23 = -6*j + p. Suppose j*h - 22 = 23. What is the highest common divisor of h and 3?
3
Let n(h) = -4*h + 80. Let d be n(17). Let a(i) = -i**3 - 11*i**2 - 26*i + 26. Let r be a(-8). Calculate the greatest common divisor of d and r.
6
Suppose -2715 = 176*y - 28587. Suppose -2*q + 45 = -m, -q = 4*m - m - 12. Calculate the greatest common factor of y and q.
21
Let y = 10 + -5. Let g = -385 + 541. Let i be (-22)/(-4) + (-702)/g. What is the greatest common factor of y and i?
1
Let x be 75/2*(-4)/(-5). Let b = x - 18. Let q be (((-252)/15)/(-2))/(-18*29/(-5220)). What is the greatest common factor of b and q?
12
Let y be -2 + 6/4 - (-303)/2. Suppose 2*t + y = -99. Let j = 141 + t. Calculate the greatest common divisor of 112 and j.
16
Let p(h) = h**2 + 5*h - 9. Let u be p(2). Suppose 49 + u = 2*k - 4*z, 0 = 5*k + 4*z - 191. Let y be 4*(2 - 6/8). What is the greatest common factor of k and y?
5
Suppose -7*r + o = -10*r + 4, 2*r - 5*o + 20 = 0. Suppose r = -5*p - 34 + 619. What is the greatest common factor of 13 and p?
13
Let z(x) = -2*x**3 + 5*x**2 + 3*x + 58. Let g be z(0). What is the greatest common factor of g and 1102?
58
Let u be 1260/245 + (-1)/7. Suppose -4*h = -u*x + 2259, 6*x - 2256 = x + h. Calculate the highest common divisor of 123 and x.
41
Let s be 6 - -1 - (1 - 0). Suppose 181*r + 48 = 184*r. Suppose 14*z + 60 = r*z. What is the highest common factor of z and s?
6
Suppose 4*k - 7*k = -12. Suppose -k*l = -3*l - 4. Suppose -l*j + 4 = 0, 4*y = y - 5*j + 185. Calculate the highest common factor of y and 12.
12
Let z = 501 + -498. Let u(q) = q + 1. Let k be u(2). Suppose 0 = 3*h + k, -4*s - 8*h + z*h = -51. Calculate the highest common divisor of 70 and s.
14
Suppose -5*t + 3*l = -466, -32*t + 184 = -30*t - 2*l. Calculate the highest common factor of 15 and t.
5
Let n = -76 - -145. Suppose 5*w + 3*a + 89 = 29, 15 = -3*a. Let k = n + w. Calculate the highest common divisor of 12 and k.
12
Suppose r - l = 18, 5*r + 2*l - l = 78. Let u = -112 - -114. Suppose -u*c + 3*s + 20 = 0, s + 19 = 3*c + 3. Calculate the highest common divisor of r and c.
4
Suppose 0 = 2*l + 3*l - 3*t - 658, 98 = l + 5*t. What is the greatest common factor of 19328 and l?
128
Suppose -7*b + 705 = -765. Calculate the greatest common factor of b and 49.
7
Let t = 8675 + -8612. Let f(a) = -a + 13. Let g be f(6). Calculate the greatest common divisor of g and t.
7
Suppose 4*f = 5*z + 29114, 3*z = -864*f + 865*f - 7275. What is the highest common divisor of f and 45?
9
Let x = -1857 + 4029. Calculate the greatest common factor of x and 48.
12
Let p = -37 - -39. Let m(g) = -g**3 - 5*g**2 - 7*g - 6. Let a be m(-5). Let i = 45 - a. What is the highest common factor of i and p?
2
Let o be (-3)/(-1) - -2 - (13400 - -10)/(-9). What is the highest common factor of 345 and o?
115
Let l be (9624/2005)/(4/25). What is the highest common divisor of l and 8865?
15
Let k be 5/1 + -2 + -83. Let h be 200/k*(-3 + 1). Calculate the highest common factor of h and 755.
5
Let t = -80 + -27. Let x = 235 + t. Suppose 3*i + 0*i - 48 = 0. What is the greatest common divisor of x and i?
16
Let n(c) = 28*c + 16. Let y be n(-2). Let w be (-1)/((-115)/y - 3). Suppose -31 = 7*h - w*h. Calculate the greatest common factor of 341 and h.
31
Let c(s) = -2*s - 8*s + 10*s + 11*s - 2*s**2. Let a be c(5). Suppose 5*l - 73 = 3*n, -l - a*n + 16 = -21. Calculate the greatest common divisor of 119 and l.
17
Let i = -1982 + 2033. Calculate the greatest common divisor of 2737 and i.
17
Suppose -2*p + 1116 = -0*p. Suppose -174 - 382 = -41*r + 182. What is the greatest common factor of r and p?
18
Let z be 1084/12 + (-49)/147. Calculate the greatest common factor of 2190 and z.
30
Suppose 5*f = 5*h + 700, 50*h + 390 = 3*f + 53*h. What is the greatest common divisor of f and 171?
9
Suppose 2578 = 5*l + n - 0*n, 2*l - 1042 = 5*n. Let z = -215 + l. What is the highest common factor of 43 and z?
43
Let n(p) = -p**3 + 31*p**2 - 14*p - 341. Let m be n(29). What is the highest common factor of m and 17?
17
Let n(g) = -g**2 - 13*g + 1132. Let a be n(27). Let l(s) = 2*s**2 + 2*s + 2. Let r be l(3). What is the highest common factor of a and r?
26
Let w(i) = -i**2 - 18*i - 18. Let d be w(-16). Let h = d + -8. Let n = h - -54. Calculate the greatest common factor of n and 24.
12
Let a = 2687 - 2663. What is the greatest common divisor of 296 and a?
8
Let z = 111 - 106. Suppose 25*q - 57 = -4*l + 26*q, -70 = -z*l + q. What is the greatest common factor of 208 and l?
13
Let p(s) be the second derivative of s**3/6 + s**2/2 + s. Let l be p(6). Let k be 3/(-6) - ((49 - 63) + 1/(-2)). What is the greatest common factor of k and l?
7
Let l be (-5 + 0)*516/215*(-1 + -48). What is the greatest common divisor of 228 and l?
12
Let n(s) = -s**3 - 21*s**2 + 10*s + 37. Let c be n(-22). Calculate the greatest common divisor of 14 and c.
7
Let l(v) = -69*v - 3. Let y be l(2). Let g = y - -951. Suppose 4*j = -b + 658, -8*b - g = -5*j - 3*b. Calculate the greatest common factor of j and 41.
41
Let p = -59 - -36. Let m(q) = 3*q + 27. Let l be m(p). Let a be (-260)/6*l/35. Calculate the greatest common factor of a and 416.
52
Let z be (-424 + 3)/(22 + -19 - (-230)/(-76)). What is the highest common factor of 38 and z?
38
Let t(k) = -2*k - 37. Suppose -85*f + 100 = -90*f. Let r be t(f). Let c be ((-5980)/78)/((-2)/r). Calculate the greatest common divisor of c and 23.
23
Suppose 58930 = 94*y - 35822. Calculate the greatest common factor of 36 and y.
36
Let i(f) = -3*f - 33. Let u = 64 + -37. Let b = u - 40. Let v be i(b). Calculate the highest common factor of 6 and v.
6
Let r be 6/8*(-960)/(-40). Let p = 687 + -426. Calculate the highest common factor of r and p.
9
Suppose 300 = 15*u + 5*u. Let b be (8 - 140/u)*-9*5. What is the highest common factor of b and 840?
60
Let m = -4192 - -4836. What is the highest common divisor of m and 63?
7
Suppose 166*o - 228886 + 8770 = 0. What is the greatest common factor of o and 273?
39
Let f(y) = y**3 - 5*y**2 + 73*y - 60.